et x(d) = -h + 9 + d + 8. What is x(-8)?
-3
Let j(y) be the second derivative of -2*y**3/3 + 7*y**2/2 - 283*y - 1. What is j(-4)?
23
Let d(h) = h**3 - 5*h**2 - 3*h - 2. Let x be (-750)/(-7) - ((-65)/35 + 2). Let g be x/21 + (-6)/63. Give d(g).
-17
Let h(s) = -168*s - 170*s - 17 - s**2 - 163*s - 166*s + 661*s. What is h(-6)?
-17
Let u = 4002 + -4003. Let l(r) = -r**3 - 4*r**2 - r - 2. Let c be l(-4). Let h(z) = 1 - 3*z**c + z**2 + 9*z**2. Calculate h(u).
8
Let f(h) = -8*h - 5. Let u(y) = -1. Let w(t) = -f(t) + 4*u(t). Calculate w(-1).
-7
Let g = 1 + -1. Let b = 9 - g. Let w be b/(-3) + (3 - 2). Let s(h) = h**3 + 4*h**2 + 2*h - 1. Calculate s(w).
3
Let p(f) = -f + 48. Let s be p(40). Suppose -3*l - 2*l + 3*a + 34 = 0, 0 = -l + a + s. Let b(r) = r**2 - 4*r + 6. Give b(l).
11
Suppose 25 = 8*c - 31. Let g be (0 + -1)/(2/(-6)). Let m(x) = 0*x**2 + c*x**2 - 2*x**2 - x + x**g - 3. Determine m(-5).
2
Let y(i) = i + 2. Let c be (0/(-1))/(-26 + 23). Suppose -5*q + 2*k + 27 + 8 = c, 2*k = 0. What is y(q)?
9
Let j(m) be the second derivative of m**5/2 + m**4/12 - 2*m**3/3 - 2*m**2 - 1505*m. Calculate j(-2).
-72
Let a(j) = 7*j**2 + 3*j + 5. Let w be a(-7). Let x = 321 - w. Let p(s) = s**3 + 7*s**2 + 6*s - 4. What is p(x)?
-4
Let m be (1/(-1))/((2/4)/((-6)/4)). Let h(s) be the third derivative of -1/24*s**4 + 1/60*s**5 - s**2 + 0*s + 0 + 1/6*s**3. Determine h(m).
7
Let k = 1716 - 1712. Let v(n) be the second derivative of 5/2*n**2 - 2/3*n**k + 7/6*n**3 + 1/20*n**5 + 0 + 4*n. What is v(7)?
5
Suppose -4632*n + 4638*n - 18 = 0. Let a(k) = k**3 - 4*k**2 - k. Calculate a(n).
-12
Let z(n) be the third derivative of n**6/720 + 17*n**5/120 - 53*n**4/12 - 2*n**2 + 104. Let l(c) be the second derivative of z(c). Give l(-10).
7
Suppose -2038*i + 2045*i = -1806. Let z = -248 - i. Let c(x) = x - 20. Calculate c(z).
-10
Let l(s) = -11*s + 52*s - 8*s + 12*s - 321. Calculate l(7).
-6
Let a(p) = 3*p**2. Let y(n) = n**3 - 7*n**2 + 5*n - 34. Suppose 4*v - 19 = -5*c, -2*c - 24*v + 34 = -29*v. Let m be y(c). Calculate a(m).
3
Let p be ((-12)/20)/((-168)/24 - 170/(-25)). Let s(l) = l**3 - 2*l**2 + 5*l - 8. Give s(p).
16
Let n = -3463 - -3465. Let r(a) = -2*a**3 + 3*a**2 - 2*a + 1. What is r(n)?
-7
Let t(k) be the third derivative of k**6/120 + k**5/15 + k**4/24 + k**3/3 - 10*k**2. Suppose 12*g - 10*g + 14 = -4*p, 8 = -3*p - 4*g. Determine t(p).
-2
Let n(m) = -21*m**2 - m. Suppose -2*r = s - 19, -55 = -5*r - 2*s - 8. Suppose -r*b = -5*b. Suppose b = -p - 4 + 3. Give n(p).
-20
Let y(i) = -i + 5. Let q be y(4). Let t(b) be the first derivative of 2*b**3 + 5*b - 132. Let m(x) = x**2 + 1. Let o(l) = -5*m(l) + t(l). What is o(q)?
1
Let d(m) be the second derivative of m**3/2 - 3*m**2/2 - 3*m + 3. Suppose 15 = 6*z - z. Suppose -z*u + 4*u + 3 = 0. Calculate d(u).
-12
Suppose -18 = -0*r + 3*r + 3*h, -4*r + 4*h + 8 = 0. Let v = r - -1. Let p(w) be the third derivative of -2*w**5/15 - w**4/24 + 2*w**2 - 27*w. Give p(v).
-7
Let f(r) = -r**2 + 8*r - 7. Suppose -1 = j - 4, -2*j = 2*t + 66. Let y be ((-7)/21)/(2/t). Calculate f(y).
5
Let d(q) be the second derivative of -q**5/20 + q**4/3 + q**3/6 + 4*q**2 + 2*q + 200. Determine d(4).
12
Let o = 397 - 105. Let v = o + -299. Let a(k) = -k**2 - 9*k - 7. Calculate a(v).
7
Let q(x) be the third derivative of 0*x + 1/24*x**4 + 0*x**3 - 16*x**2 + 0 - 1/3*x**5. Determine q(-1).
-21
Let m(n) be the first derivative of -16*n**3/3 + 3*n**2/2 + 3*n - 521. What is m(-2)?
-67
Let s(q) = q**3 + 4*q + 1. Let y(g) = g - 223 + 223. Let t(h) = s(h) - 6*y(h). Let p = 69 - 68. Calculate t(p).
0
Let a(g) = 44*g**2 + 853*g + 327. Let v be a(-19). Let o(c) be the second derivative of -c**5/20 + c**4/3 - c**3/3 + 2*c**2 - c. What is o(v)?
-4
Let f(r) = 2*r**2 + 2*r - 1. Let n(a) = 22*a**2 + 176*a + 2. Let v be n(-8). Give f(v).
11
Let d(x) be the second derivative of -x**4/12 - 4*x**3/3 - 5*x**2 - 2*x - 1342. Give d(-8).
-10
Let v(w) = w**2 - 13*w - 11. Let q(l) = 7*l + 6. Let g(p) = -5*q(p) - 3*v(p). Let j = 3230 + -3232. Calculate g(j).
-17
Let i(y) = -y**3 - 66*y**2 - 306*y - 66. Let z be i(-61). Suppose 4*l = 2*f - 7*f + 13, 3 = -l. Let m(r) = f - r - 4*r + 6*r. Give m(z).
0
Suppose -2*u - 13*u = -105. Let j(a) = -u + 1 + 4 - a - 1. Calculate j(-9).
6
Let y(j) be the second derivative of j**5/20 - 3*j**4/4 + 7*j**3/6 + 5*j**2 + j. Suppose 3*a = -19 - 5. Let w be a/84*6*-14. Give y(w).
2
Let s(c) = 2*c**3 - 57*c**2 - 38*c + 249. Let m be s(29). Let a(z) = -z + 6. Give a(m).
18
Let d(p) = -6*p**2 + 192*p + 3. Let c be d(32). Let q(t) = -2*t**3 + 6*t**2 - 3*t - 6. Determine q(c).
-15
Let r(j) be the third derivative of 67*j**2 + 0 + 0*j - 1/60*j**5 - 1/120*j**6 + 1/6*j**3 + 1/12*j**4. Calculate r(2).
-7
Let f(v) = -7*v - 5. Let h = 13 - 10. Suppose -5*b - 2 = h. Let s(k) = -k. Let q(x) = b*f(x) + 6*s(x). Give q(-8).
-3
Let h be 1105/(-187) + 12/(-11). Let z(s) = -2*s - 11. Calculate z(h).
3
Let n(q) be the third derivative of -q**4/8 + 29*q**2 + 2*q. Let v(i) = i**2 - 8*i + 9. Suppose 0 = k - 2 - 5. Let d be v(k). Calculate n(d).
-6
Let i(c) = -c**3 + 3*c**2 + 2*c + 5. Let f be 3*(-5 - 30/18). Let g = f - -24. Give i(g).
-3
Suppose -3*s + 574*p = 578*p - 3, -6 = 5*s + 3*p. Let y(w) = -14*w - 8. Determine y(s).
34
Let m(l) = l - 12. Let o(p) = p + 98. Let s(w) = 8*m(w) + o(w). Give s(-8).
-70
Let v(h) = -h**3 + 2*h**2 + h + 3. Let n(c) = -5*c**3 + 10*c**2 + 2*c + 22. Let u(f) = n(f) - 6*v(f). Give u(3).
1
Let z(x) = -15*x - 73. Let a(v) = -38*v + 5543. Let m be a(146). Determine z(m).
2
Let q(p) = -8*p**3 + 6*p**2 - 6*p + 1. Let b(i) = 15*i**3 - 11*i**2 + 11*i - 2. Let d(h) = 4*b(h) + 7*q(h). Let n = 545 + -745. Let f = 201 + n. Give d(f).
3
Let d(b) = 3*b - 48. Let q(i) = -5*i + 41. Let o(f) = -5*d(f) - 6*q(f). Determine o(3).
39
Let f(l) = -l**2 - 14*l - 26. Suppose -2*p - 2*n = n + 15, 2*n - 20 = 2*p. Give f(p).
19
Let q(i) = -33*i**2 + 18*i**2 + 16*i**2 + 1346*i**3 + 2*i + 11 - 1345*i**3. What is q(-3)?
-13
Let p(k) be the third derivative of -k**5/60 + k**4/8 + 4*k**3 - 1720*k**2. Calculate p(6).
6
Let m = -20 - -36. Let v = m - 14. Let d(l) = 11*l - v*l - 16*l. Give d(-1).
7
Let k(i) = 2*i**2 - 44*i - 116. Let z be k(24). Let a be (-33)/27 + z/(-90). Let w(m) = -18*m + 4*m + 2 - 3. What is w(a)?
13
Suppose 0 = 7*h - 12*h + 230. Suppose 47*t - 10 = h*t. Suppose -t = -6*u + 8. Let p(w) = 2*w - 2. Calculate p(u).
4
Let m = 196 + 194. Let c(r) = -5 - 388*r + 780*r - m*r. Give c(-3).
-11
Suppose -9*l = -899 + 206. Suppose 26 = 4*d - 2*a, 0 = 4*d + a - 2 - 27. Suppose -l = -d*y - 105. Let b(c) = 2*c + 6. Give b(y).
-2
Let p be 162/10 - (11 - (-23)/(1380/(-648))). Let q(k) = k**3 - 16*k**2 - 2*k - 28. Calculate q(p).
-60
Suppose 3*g - 6*q = -q + 691, 0 = -g + 4*q + 242. Suppose 10*v - 148 = g. Let f(n) = 45 - 5*n + n**2 - v - 2*n**2. Give f(-6).
2
Let l be 90/55 - (-340)/935. Let f(v) = 18*v + 23. Give f(l).
59
Let x(h) = 1. Let l(z) = -z - 12. Let g(m) = l(m) + 3*x(m). Suppose -6436 = y - 6423. Determine g(y).
4
Suppose 22*n = 23*n - 28. Suppose 4*h - b = n, 4*h + 0 = 4*b + 40. Let r(u) = u + 8. What is r(h)?
14
Let h = -4349/6 - -725. Let y(m) be the second derivative of 5*m**2 + 0 + h*m**3 + 19*m. Give y(-11).
-1
Suppose 4*w = 38*w - 68. Suppose 3*v - 1 = -b + 4, -2*v - b + 3 = 0. Let g(l) = 6*l**v - 5 + 3*l + w*l - 10*l**2 + 3*l**2. Give g(5).
-5
Let v(g) = -30*g**2 + 11. Let i(c) = 101*c**2 + c - 36. Let s(u) = 3*i(u) + 10*v(u). Suppose -5*t - 5*l = 10, -l + 5*l - 1 = 5*t. Determine s(t).
2
Let k(q) = -2*q**3 + 8*q**2 + 9*q - 3. Let t(b) = -b**3 + 1. Let r(z) = k(z) - 3*t(z). Let x = -1 + 6. Suppose -13 = x*j + 22. What is r(j)?
-20
Let p(b) = -11*b**2 - 57474*b + 4 + 0*b**2 - 2*b**3 + 57489*b. Give p(-7).
46
Suppose 4*q - 4*m + 36 = 0, -q - 10 + 13 = 2*m. Let d(k) = 3*k + 21. Let x be d(q). Let j(o) = -o**2 + 6*o + 3. Calculate j(x).
3
Let g(i) = 0*i - 1 - i - i**2 + 4657*i**3 + 4606*i**3 - 9267*i**3. Let p = -3 - -2. What is g(p)?
3
Let u(h) be the first derivative of -h**4/2 - 23*h**3/3 - 13*h**2/2 - 21*h + 1592. Determine u(-11).
1
Let r(i) = i**3 - 4*i**2 + 4*i - 1. Let x be (-536)/335*-10*(1/8 + 0). Give r(x).
-1
Let h(m) be the second derivative of -m**5/20 + 3*m**3/2 + 3*m**2/2 - 43*m. Calculate h(-3).
3
Let t = 728 + -724. Suppose 3*h = 3*j + 30, 5*h 